+ (1 - 1 - -3). Suppose y*i = 23*i - 60. What is the remainder when 88 is divided by i?
13
Let p(w) = w**3 + 5*w**2 - 2*w - 5. Let q(j) = 14*j**2 - 7*j - 1. What is the remainder when p(-4) is divided by q(1)?
1
Suppose 16*m - 63 = 7*m. Suppose -m*d + 204 + 160 = 0. Calculate the remainder when d is divided by 18.
16
Suppose -b - 96 = g, -19 - 82 = g - 4*b. Let f = g - -173. Calculate the remainder when f is divided by 13.
11
Let w be -5 - 28/((-4)/1). Let r(m) = 2*m**3 - 2*m + 3. Calculate the remainder when 26 is divided by r(w).
11
Let d = 258 - 115. Suppose -31 + d = 4*z. Suppose -206 = -4*u + 3*l, -6*u + 2*u - 4*l + 220 = 0. What is the remainder when u is divided by z?
25
Suppose 8*j - 486 = 2*j. Suppose -f = -17 - 4. What is the remainder when j is divided by f?
18
Suppose 2*z - 7 - 23 = 4*c, 0 = 4*z + 4*c - 120. Let j = 4059 - 4050. What is the remainder when z is divided by j?
7
Suppose -w + 2 = -5*l, 13 + 25 = 5*w + 3*l. Let q(z) = 9*z - 4. Calculate the remainder when q(w) is divided by 31.
28
Let v = 148 + -131. Let r(y) = y - 8. Let s(c) = 6*c**2 - 2*c - 2. Calculate the remainder when s(-2) is divided by r(v).
8
Let a = 115 - 189. Let z = -52 - a. Suppose -2*f + 2*i = -4*f + z, -4*f - 3*i = -46. Calculate the remainder when 50 is divided by f.
11
Suppose 11*s - 102 = 9*s. Let w = 5 + 4. Calculate the remainder when s is divided by w.
6
Suppose -61*b + 56*b + 700 = 2*s, 700 = 5*b - s. Calculate the remainder when b is divided by 113.
27
Suppose 0 = 12*p - 4*p - 3920. Calculate the remainder when 61 is divided by p/35*(1 + 1/2).
19
Suppose b = 2*w - 398, -5*w + 405 + 591 = -3*b. Calculate the remainder when w is divided by 46.
14
Suppose -4*c + 9*c - 15 = 0. Let x(q) = -q - 4. Let o be x(c). Let v = 30 - o. Calculate the remainder when v is divided by 10.
7
Let u(k) = k**2 + 2*k + 8. Let y be u(-6). Suppose -2*b + y = 6. Calculate the remainder when (17/4)/((-10)/(-120)) is divided by b.
12
Let l = -18 - -30. Let b be 72/2*(-75)/(-20). Suppose 0*a = 3*a - b. What is the remainder when a is divided by l?
9
Let j be ((-10)/(-50))/((-1)/(0 + -355)). Calculate the remainder when 48 is divided by j*1/4 - 7/(-28).
12
Suppose 6*i = -4*s + 11*i + 322, s - 4*i - 86 = 0. Calculate the remainder when s is divided by 16.
14
Suppose -b = -14*b + 780. What is the remainder when 717 is divided by b?
57
Suppose 4*u - 12 = -3*k, 0 = -k - 2*k. Suppose 72 = u*y + y. Suppose y = c - 2*g, 2*c - 27 = -0*g + g. Calculate the remainder when 33 is divided by c.
9
Suppose -4*c - c + 100 = 0. Calculate the remainder when (-5)/c + 173/4 is divided by 16.
11
Let z = 69 + 5. Suppose 4*w - z = 2*w. Suppose -9*x + 14*x = 65. Calculate the remainder when w is divided by x.
11
Let h(u) be the third derivative of 3*u**4/8 - 19*u**2. Calculate the remainder when 13 is divided by h(1).
4
Suppose -8 = 3*g - 11. Let a be (-7 + 2)/(g - 2). Suppose -o + 3*q + 3 = -17, 0 = a*o + 5*q. Calculate the remainder when o is divided by 2.
1
Let u(c) = c**3 - 4*c**2 - 5*c + 4. Suppose 8*a = 5*a + 33. Suppose 10*w + 5 = a*w. What is the remainder when w is divided by u(5)?
1
Let s = -2 - -6. Suppose 5*v - 3*j = 79, 9*v - s*v - 4*j = 77. Calculate the remainder when v is divided by (-11)/(110/36)*(-5)/2.
8
Suppose n = -4*u + 181, 0 = -4*u - 4*n + 194 + 2. Let s = u + -29. Let x = -103 - -161. Calculate the remainder when x is divided by s.
13
Suppose -5*y = 2*j + 46, -2*j + 4*y = -13 + 59. Let h = 56 + j. Calculate the remainder when h is divided by 21.
12
Suppose 17 + 42 = -4*m + n, -m = 3*n + 18. What is the remainder when m/40 - (-38)/16 is divided by 2?
0
Let v = 207 + -158. Calculate the remainder when v is divided by 27.
22
What is the remainder when ((35 - 3) + 3)*(-140)/(-98) is divided by 28?
22
Let s(b) = 86*b + 14. Let i be s(9). Suppose 3*f - 3*a - 958 = -2*f, 4*f + 3*a - i = 0. What is the remainder when f/6 + (-16)/12 is divided by 16?
15
Suppose 16283 = 98*b + 4425. What is the remainder when b is divided by 19?
7
Let g(u) = 44*u + 20. What is the remainder when g(6) is divided by 15?
14
Suppose -7*g - 1213 = 3603. What is the remainder when 36 is divided by g/(-24) - 2 - 1/(-3)?
9
Suppose 835 + 292 = 7*q. Calculate the remainder when q is divided by 18.
17
Suppose 6*u - 4*u = -5*x + 32, -5*x - 5*u = -35. What is the remainder when 13 is divided by x?
1
Let d = 1329 - 1301. What is the remainder when 72 is divided by d?
16
Suppose 1 + 7 = 4*w. Let k = w + 2. Suppose -3*p + k*j = -5*p + 66, -5*j + 96 = 3*p. What is the remainder when 107 is divided by p?
26
Let w(g) = 71 - 10*g - 18*g - 65 + 4*g. Suppose r + y = 2*r - 17, 3*r + 5*y = 75. What is the remainder when w(-2) is divided by r?
14
Let o = -215 + 118. Let z = -46 - o. Calculate the remainder when z is divided by 27.
24
What is the remainder when 365/4 - (-35)/(-140) is divided by 8?
3
Let y = 394 + -269. What is the remainder when y is divided by 63?
62
Calculate the remainder when (1 + 3)/(2/64) is divided by (4/(-6))/(14/(-903)).
42
Let i = 5 - 0. Suppose -6*t - 4*c - 5 = -t, -i*c - 4 = 4*t. Let b(h) = -21*h - 1. Calculate the remainder when b(t) is divided by 7.
6
Suppose -2*c + 6*o + 20 = 9*o, 3*o = 6. Calculate the remainder when 76 is divided by c.
6
Let b = -5 + -21. Let r = b + 41. Calculate the remainder when 26 is divided by r.
11
Let r be (4 - -2)*(-16)/6. Calculate the remainder when 27 is divided by 0/4 - r/1.
11
Let t be ((-92)/3)/((-5)/((-60)/(-8))). Calculate the remainder when (-157)/(-2) + 2/(-4) is divided by t/299 - (464/(-26) + -2).
18
Let c = 21 - -1. Calculate the remainder when 101 is divided by c.
13
Suppose -2*o + 6*o = 92. Let m(i) = -i**3 + 14*i**2 + 3*i. Let x(q) = 3*q + 2. Let w be x(4). Calculate the remainder when m(w) is divided by o.
19
Suppose 0 = -j + k - 1, 5*k - 4 = 3*j + 7. Suppose j = t - 2. Suppose 5*h = 35 - t. Calculate the remainder when 9 is divided by h.
3
Suppose -4 = x - 4*s + 7, -6 = 3*x - 3*s. Let v = 34 + -21. Calculate the remainder when 33/(-3)*x*-2 is divided by v.
9
Suppose 69 = 4*z - 851. Suppose -4*g + 3*g + 58 = -4*n, 0 = -5*g + 5*n + z. Let j = -10 - -21. Calculate the remainder when g is divided by j.
9
Suppose -7*z + 258 = -155. Suppose 5*k - 2*k - 45 = 0. Calculate the remainder when z is divided by k.
14
What is the remainder when (95 - -2)*(-2 + 4 + -1) is divided by 32 + (2 - (-2)/(-2))?
31
Suppose 0 = 4*l - 3*t - 0*t - 569, -134 = -l - 2*t. What is the remainder when l is divided by 48?
44
Let k = 131 - 131. Let y = -12 + 52. Suppose k = 3*g - y - 86. What is the remainder when g is divided by 9?
6
Suppose 0*n + n = 6. Suppose s - n = -s. What is the remainder when -4*s/(-12) - -44 is divided by 16?
13
Let h = -1 + 6. Suppose h*s = 29 + 6. Let b = 7 + s. Calculate the remainder when 41 is divided by b.
13
Suppose -26 = 3*r - 80. Suppose r = 5*k - 22. What is the remainder when 9 is divided by k?
1
Let d be 1*8 - (-4 + 4 + 2). Suppose -2*w - d = -5*k - 177, -w + 3*k + 86 = 0. Calculate the remainder when w is divided by 28.
27
Let q = 10 - 6. Suppose -r + 5 = 1. Suppose -q*c + 304 = -t, -r*t + t = 0. What is the remainder when c is divided by 26?
24
Let u(w) = 4*w + 56. What is the remainder when u(-3) is divided by 10?
4
Let i = 43 + -116. Let x = -29 - i. What is the remainder when x is divided by 15?
14
Suppose -v - 3*v - 344 = 0. Calculate the remainder when v/(-6) + (-4)/12 is divided by 4.
2
Let a = -626 + 1245. Calculate the remainder when a is divided by 62.
61
Let l(j) = -j**2 + 5*j - 7. Let n(f) = -2*f**2 + 4*f - 8. Let k(z) = -3*l(z) + 2*n(z). Let q = 116 + -49. What is the remainder when q is divided by k(-4)?
16
Calculate the remainder when 59 is divided by 423/12 - (54/24 - 2).
24
Let t(n) = 6*n - 2. Suppose -3*s = -3*q + 6, q - 18 = -4*s - 6. Let j(y) = 3*y**2 - 5*y - 1. What is the remainder when j(4) is divided by t(s)?
7
Let c be (2*-1)/(2 - (-30)/(-12)). Suppose 13 = 2*m + 5*b, 2*m = -c*b - 0*b + 14. Calculate the remainder when 32 is divided by m.
5
What is the remainder when (1*2/(-2))/(9 + 7820/(-867)) is divided by 10 + (-1)/(0 - -1)?
6
Let x(w) = 2*w**2 - 3*w. Let k = 9 + -4. Let v(r) = r**2 - 6*r + 5. What is the remainder when x(k) is divided by v(7)?
11
Let a = -18 + 28. What is the remainder when (0 + 59)/(4 + (1 - 